 when 1235182 is divided by 2190?
22
What is the remainder when 878966 is divided by 73245?
26
What is the remainder when 12317068 is divided by 151?
149
What is the remainder when 984162 is divided by 534?
0
What is the remainder when 386991 is divided by 38680?
191
Calculate the remainder when 124083 is divided by 19657.
6141
Calculate the remainder when 723823 is divided by 61.
58
Calculate the remainder when 2680875 is divided by 1081.
1076
Calculate the remainder when 717821997 is divided by 7762.
7761
What is the remainder when 3488164 is divided by 2?
0
What is the remainder when 567385 is divided by 409?
102
Calculate the remainder when 8339276 is divided by 449.
448
What is the remainder when 158532 is divided by 79262?
8
Calculate the remainder when 92375665 is divided by 107.
104
What is the remainder when 63276333 is divided by 71?
68
Calculate the remainder when 1132750 is divided by 372.
10
Calculate the remainder when 631226 is divided by 209703.
2117
Calculate the remainder when 9314051 is divided by 227.
14
Calculate the remainder when 18441070 is divided by 737642.
20
What is the remainder when 7352436 is divided by 2762?
2754
What is the remainder when 9492599 is divided by 21722?
85
Calculate the remainder when 4859741 is divided by 186913.
3
What is the remainder when 156612 is divided by 15497?
1642
What is the remainder when 138126 is divided by 68464?
1198
What is the remainder when 17073370 is divided by 1219524?
34
Calculate the remainder when 1228717 is divided by 68262.
1
Calculate the remainder when 618287 is divided by 26865.
392
What is the remainder when 1292446 is divided by 11337?
28
What is the remainder when 213219632 is divided by 71073209?
5
Calculate the remainder when 341893 is divided by 147.
118
Calculate the remainder when 67727 is divided by 22555.
62
Calculate the remainder when 508897 is divided by 127171.
213
What is the remainder when 987000 is divided by 2682?
24
What is the remainder when 32236 is divided by 1101?
307
What is the remainder when 212071 is divided by 112?
55
Calculate the remainder when 43621666 is divided by 6231659.
53
What is the remainder when 35570 is divided by 2087?
91
What is the remainder when 396418531 is divided by 291?
289
Calculate the remainder when 183439 is divided by 2210.
9
What is the remainder when 4713623 is divided by 147299?
55
What is the remainder when 249568 is divided by 124721?
126
What is the remainder when 1129136 is divided by 564333?
470
Calculate the remainder when 10040311 is divided by 2008060.
11
What is the remainder when 4130545 is divided by 4480?
4465
What is the remainder when 20840347 is divided by 190?
7
Calculate the remainder when 920668 is divided by 932.
784
What is the remainder when 203440220 is divided by 8?
4
Calculate the remainder when 11059912 is divided by 40.
32
What is the remainder when 749062 is divided by 361?
348
What is the remainder when 814325 is divided by 232?
5
What is the remainder when 6233500 is divided by 236?
32
What is the remainder when 14162427 is divided by 23?
16
What is the remainder when 1636505 is divided by 102281?
9
What is the remainder when 9513990 is divided by 951393?
60
Calculate the remainder when 5364271 is divided by 4504.
7
What is the remainder when 26590366 is divided by 5318070?
16
What is the remainder when 5717599 is divided by 1185?
1159
Calculate the remainder when 714387 is divided by 238114.
45
What is the remainder when 861401 is divided by 17?
11
What is the remainder when 503420 is divided by 48?
44
What is the remainder when 2767023 is divided by 395270?
133
Calculate the remainder when 2229091 is divided by 100.
91
Calculate the remainder when 38472351 is divided by 1854.
1851
Calculate the remainder when 264663 is divided by 309.
159
Calculate the remainder when 1552566 is divided by 129378.
30
Calculate the remainder when 594609 is divided by 168.
57
Calculate the remainder when 185465 is divided by 1218.
329
Calculate the remainder when 141822 is divided by 736.
510
Calculate the remainder when 1601601 is divided by 64064.
1
Calculate the remainder when 38826096 is divided by 20.
16
What is the remainder when 2202391 is divided by 435?
421
Calculate the remainder when 19635173 is divided by 86.
83
Calculate the remainder when 99747 is divided by 1193.
728
What is the remainder when 1345670 is divided by 411?
56
What is the remainder when 98830511 is divided by 32943481?
68
What is the remainder when 73433681 is divided by 120?
41
Calculate the remainder when 9528066 is divided by 2382016.
2
Calculate the remainder when 2190990 is divided by 154.
32
Calculate the remainder when 1301095 is divided by 3433.
3421
What is the remainder when 679676 is divided by 341?
63
What is the remainder when 76841185 is divided by 374835?
10
Calculate the remainder when 95338 is divided by 6808.
26
Calculate the remainder when 70238 is divided by 248.
54
What is the remainder when 824991 is divided by 116?
115
Calculate the remainder when 1833104 is divided by 170.
164
What is the remainder when 411196 is divided by 37353?
313
Calculate the remainder when 1078793 is divided by 153920.
1353
What is the remainder when 601959 is divided by 993?
201
Calculate the remainder when 48108 is divided by 23571.
966
Calculate the remainder when 1885361 is divided by 781.
27
What is the remainder when 66072 is divided by 5308?
2376
Calculate the remainder when 158034 is divided by 39494.
58
Calculate the remainder when 438086 is divided by 10178.
432
Calculate the remainder when 239694998 is divided by 435.
428
Calculate the remainder when 151726 is divided by 4584.
454
Calculate the remainder when 237935 is divided by 118901.
133
Calculate the remainder when 5614653 is divided by 1270.
1253
Calculate the remainder when 51742 is divided by 17057.
571
What is the remainder when 69948 is divided by 210?
18
Calculate the remainder when 1129022 is divided by 411.
5
Calculate the remainder when 8305110 is divided by 632.
630
What is the remainder when 166871 is divided by 6999?
5894
What is the remainder when 5007251 is divided by 483?
473
Calculate the remainder when 173391 is divided by 991.
957
Calculate the remainder when 6261410 is divided by 4274.
0
Calculate the remainder when 3383944 is divided by 14649.
25
What is the remainder when 7331416 is divided by 1549?
1548
Calculate the remainder when 1644125 is divided by 6135.
6080
What is the remainder when 157989 is divided by 15787?
119
Calculate the remainder when 30898982 is divided by 201954.
20
What is the remainder when 666655 is divided by 111108?
7
Calculate the remainder when 409497 is divided by 149.
45
What is the remainder when 4083754 is divided by 340294?
226
Calculate the remainder when 139374 is divided by 46193.
795
Calculate the remainder when 654045 is divided by 654029.
16
What is the remainder when 901565171 is divided by 25?
21
What is the remainder when 9201 is divided by 8075?
1126
Calculate the remainder when 2058341 is divided by 343053.
23
Calculate the remainder when 679536 is divided by 305.
301
Calculate the remainder when 1026207 is divided by 128273.
23
Calculate the remainder when 1302365 is divided by 130206.
305
Calculate the remainder when 910960 is divided by 1388.
432
Calculate the remainder when 15830166 is divided by 245.
226
Calculate the remainder when 135554 is divided by 3852.
734
What is the remainder when 621107 is divided by 9535?
1332
What is the remainder when 24088 is divided by 7650?
1138
What is the remainder when 10320337 is divided by 136?
113
What is the remainder when 98083 is divided by 75?
58
What is the remainder when 283991 is divided by 722?
245
What is the remainder when 2227982 is divided by 1113657?
668
What is the remainder when 46297773 is divided by 24?
21
What is the remainder when 23437041 is divided by 2393?
2392
Calculate the remainder when 7195 is divided by 143.
45
Calculate the remainder when 2039246 is divided by 2017.
59
What is the remainder when 80658 is divided by 180?
18
What is the remainder when 818009 is divided by 3056?
2057
Calculate the remainder when 1333656 is divided by 8034.
12
What is the remainder when 307964 is divided by 51059?
1610
Calculate the remainder 